e the highest common factor of 18 and b.
9
Let o be ((-12)/9)/((-6)/18). Suppose g - 15 = o. What is the highest common factor of 38 and g?
19
Suppose j = 9*j - 176. Calculate the highest common factor of 22 and j.
22
Let n(l) = 4*l + 129. Let g be n(-27). Calculate the greatest common factor of 21 and g.
21
Let n be -7 + (10 - -5) + 4/(-4). Let g = -4 + 11. What is the highest common factor of g and n?
7
Let q be (0 - -6) + (6 - 0) + -2. Suppose s = r - 7, r = -4*r - 5*s + 65. What is the greatest common factor of r and q?
10
Let g(c) = 10*c - 23. Let q be g(8). Suppose -6*t + q = -39. What is the greatest common factor of 24 and t?
8
Let j(y) = y**2 - 11*y - 12. Let d be j(12). Suppose d = 2*w - 161 + 141. Calculate the greatest common divisor of w and 10.
10
Suppose -2687 + 41 = -7*b. Calculate the greatest common factor of b and 42.
42
Suppose -2*j + 440 = 2*j. Suppose 3*s = -7*m + 3*m + 30, 20 = 2*s + 3*m. Calculate the greatest common divisor of s and j.
10
Suppose -42*x + 37106 = 7622. What is the greatest common factor of 216 and x?
54
Let j(l) = -4*l - 2. Let b be j(-4). Let y(q) = 3*q**3 - 15*q**2 + 20*q + 45. Let s be y(4). Calculate the highest common divisor of b and s.
7
Let l be (-6)/39 + 2734/26. Let j be 2/(-11) + l/33. Suppose 4*a = -3*c + 38, -j*c - 2*a + 40 = -0*c. What is the highest common factor of c and 42?
14
Suppose -2*v = -0*s - s - 59, v - 5*s = 34. Let y be 19/(1 + 6/(-3)). Let i = v + y. Calculate the highest common factor of i and 2.
2
Let q(z) be the first derivative of -1 + 1/2*z**2 - 4*z. Let n be q(14). What is the greatest common divisor of n and 10?
10
Let i(z) be the second derivative of -2*z**2 + 1/6*z**3 + 13*z + 0. Let y be i(14). Calculate the highest common divisor of 5 and y.
5
Suppose -776 = -9*j + 1006. Calculate the greatest common divisor of j and 99.
99
Let k(p) = p**2 + p - 9. Let h be k(3). Suppose h*j + 225 = 7*j - 5*n, j = -4*n + 72. Suppose 8*x - j = 3*x. What is the highest common divisor of 4 and x?
4
Let x(t) = t**2 + 40*t - 20. Let j be x(-41). Calculate the greatest common factor of 2667 and j.
21
Suppose -2*a = 5*k + 41, -2*a - 2*k = -3*k + 47. Let t(j) = 2*j + 94. Let u be t(a). Calculate the highest common factor of 32 and u.
16
Suppose -2*n + j = 19, n - 13 = -3*j - j. Let p = n - -3. Let w be (-96)/(-1 - 1/p). Calculate the greatest common factor of w and 16.
16
Let v be 10/(-10)*6/(-1). What is the highest common divisor of v and 750?
6
Let b = -83 + 163. Let f(u) = 9*u**3 + 2*u - 1. Let z = 11 + -10. Let v be f(z). Calculate the greatest common factor of b and v.
10
Let w = -2 + -1. Let t be 1/(-3)*-33 + w. Let j = t - 5. What is the highest common factor of j and 2?
1
Suppose -4*i - y + 172 = 3*y, -3*y + 15 = 0. What is the greatest common divisor of 323 and i?
19
Let b(v) = 11*v**2 - 10*v + 45. Let x be b(5). Calculate the highest common divisor of x and 60.
30
Let c be 8/(144/1994) + (-4)/(-18). Calculate the greatest common factor of 185 and c.
37
Let o = 463 - 393. What is the highest common factor of 56 and o?
14
Suppose -143 = -5*z - 33. Let j be 16/(-8) + (154 - -2). What is the highest common divisor of z and j?
22
Suppose -5*h + 0*g + 5*g + 640 = 0, 3*g + 636 = 5*h. Let f(s) = -4*s**3 + 29*s**2 - 6*s + 11. Let j be f(7). Calculate the greatest common factor of h and j.
18
Suppose 12 = i + 4. Let y = 19 - i. Let l = -20 - -119. What is the greatest common divisor of l and y?
11
Suppose -341 = -9*s + 847. Let b(p) = 4*p**2 + 4*p + 4. Let y be b(-2). Calculate the highest common factor of y and s.
12
Let z(s) = -s**3 + 20*s**2 - 62*s + 13. Let j be z(16). What is the greatest common factor of j and 63?
9
Suppose -44*l + 16728 = -32*l. What is the greatest common divisor of l and 34?
34
Let a = -4 - 6. Let m(k) = -12*k - 5. Let n be m(a). What is the greatest common factor of n and 46?
23
Let x be -2*(3 + -196 + -3). Calculate the greatest common divisor of x and 49.
49
Suppose 5*s - 10 = 0, -2*f + 2*s - 12 = -40. What is the greatest common divisor of 8 and f?
8
Let q be 25*6*5/(-75)*-2. Calculate the greatest common factor of q and 270.
10
Suppose -12 = 5*d - 8*d. Suppose d*o = 395 - 55. Calculate the greatest common divisor of 34 and o.
17
Suppose -6 = 2*z, -12*z = -f - 7*z + 95. What is the greatest common divisor of 208 and f?
16
Let p(l) = -l**2 - 4*l**2 - 2 - 2*l**2 + l**3. Let y be p(7). Let r = y - -10. What is the greatest common divisor of r and 80?
8
Let c(d) = d**2 + 3*d - 42. Let m be c(7). Calculate the greatest common factor of 64 and m.
4
Suppose t = -3*t - p - 56, -5*t + p = 79. Let f(v) = -5*v + 21. Let o be f(t). Calculate the highest common divisor of o and 32.
32
Let v be 6 + (-3)/((-6)/(-8)). Let p be (-5 - -3)/(v/(-48)). What is the greatest common divisor of p and 12?
12
Suppose -2*r = 2*l - 146, 0 = -3*r + 13*l - 15*l + 223. Calculate the greatest common factor of 88 and r.
11
Suppose 22 = -2*r + 18, -4*h = r - 66. What is the highest common factor of h and 1241?
17
Suppose 0*j = 5*j. Suppose 3*a + 5*t = 85, 4*a - 115 = -5*t - j*t. What is the greatest common divisor of 10 and a?
10
Suppose -30*r = -1256 - 124. What is the highest common factor of 2 and r?
2
Let a be (-5)/(-2)*1/(15/66). Let u = -14 + 135. What is the highest common divisor of u and a?
11
Suppose -5 = -16*i + 347. Calculate the greatest common factor of i and 22.
22
Let y(k) = 12*k + 9*k**2 - 6*k**2 - 3*k. Let a be y(-4). Calculate the highest common factor of a and 3.
3
Let i(o) = o**2 - o - 20. Let q = -32 - -42. Let h be i(q). Let z(l) = 3*l + 2. Let k be z(4). Calculate the highest common factor of h and k.
14
Let f be 5*(-7)/(70/(-4)). Suppose v - 11 = f. What is the highest common divisor of 117 and v?
13
Let o = 1783 + -1536. What is the highest common factor of 65 and o?
13
Let m be 8 - (-85 - (-1 - 1)). Calculate the greatest common divisor of 65 and m.
13
Let p(d) = -4*d + 24. Let o be p(5). Let i be (12/(-5))/(3185/800 - o). Calculate the highest common divisor of i and 16.
16
Suppose -2*v + v - 2*t = 0, t = 4*v. Suppose 2*s = -v*s - 896. Let b be s/(-42) + 2/6. Calculate the highest common factor of b and 11.
11
Let p(x) be the third derivative of 71*x**4/12 + x**3/6 - 9*x**2. Let g be p(1). Calculate the highest common divisor of 11 and g.
11
Let c be (864/22)/4 + (-82)/(-451). Let n(b) = -b**2 - b + 60. Let k be n(0). Calculate the greatest common factor of c and k.
10
Let k = 128 - 118. Let r be (1232/80)/(2/k). Let u = 32 + -21. What is the highest common factor of r and u?
11
Let g(r) = -27*r - 24. Let k be g(-2). Let p(f) = 37*f**2 - 2*f - 2. Let b be p(-2). Calculate the highest common divisor of k and b.
30
Let y(z) = z**3 - 20*z**2 - 19*z - 6. Let l be y(21). Calculate the highest common divisor of l and 4.
4
Suppose -j = 3*s - 142, -3 - 5 = 4*j. What is the greatest common factor of 144 and s?
48
Let c = -6 + 23. Suppose o - 5 = -4*m + c, -2*m + 2 = 0. Suppose 2*t = -2*t - 2*r + 50, -2*t + 5*r = -19. What is the greatest common factor of t and o?
6
Let h(w) = -29 + 16*w + 9 - w**2 + 13 + 13. Let d be h(7). What is the highest common divisor of d and 46?
23
Suppose 2*c - 3*r + 38 + 31 = 0, c = -3*r - 21. Let o be (1/(c/108))/(4/(-90)). Calculate the highest common divisor of o and 18.
9
Let u be (-6 + (-22)/(-4))/((-1)/(-66)). Let s = 101 + -158. Let g = u - s. Calculate the highest common divisor of g and 16.
8
Suppose 11*a - 21 = -87. Let h be 3 - (a - (-8)/2). Calculate the greatest common divisor of 5 and h.
5
Suppose 5*y = 4*s + 21, 3*y - 3*s - 9 - 3 = 0. Let m = 5 + 5. Calculate the greatest common divisor of y and m.
5
Let d = -1223 - -2315. Suppose 14*o - 448 = d. What is the highest common divisor of o and 10?
10
Suppose 2*i + 1 - 11 = -d, -4*i = -12. Suppose -d*b + 29 = -39. Suppose -14*n + b*n = 192. What is the greatest common factor of 16 and n?
16
Let a(j) = j**2 - 32*j - 75. Let s be a(37). Calculate the greatest common divisor of 88 and s.
22
Let k(q) = 56*q**2 - 25*q - 24. Let s be k(-1). Calculate the highest common factor of 76 and s.
19
Let b be (-3 + 2)*(-7 - 9) - -3. What is the greatest common factor of b and 285?
19
Let h(t) = -2*t**3 - 4*t**2 - 6*t - 6. Let q be h(-3). What is the highest common factor of 70 and q?
10
Suppose -74*